1, 1433
What are the prime factors of 778112?
2, 6079
List the prime factors of 46930.
2, 5, 13, 19
List the prime factors of 1322052.
2, 3, 29, 131
List the prime factors of 720404.
2, 19, 9479
List the prime factors of 299724.
2, 3, 24977
What are the prime factors of 3568770?
2, 3, 5, 19, 2087
List the prime factors of 145333.
17, 83, 103
What are the prime factors of 15185293?
41, 370373
What are the prime factors of 1169842?
2, 353, 1657
List the prime factors of 69833.
69833
List the prime factors of 57839.
57839
List the prime factors of 284518.
2, 13, 31, 353
List the prime factors of 54895.
5, 10979
What are the prime factors of 317042?
2, 11, 14411
List the prime factors of 252361.
73, 3457
What are the prime factors of 172650?
2, 3, 5, 1151
What are the prime factors of 20184375?
3, 5, 2153
What are the prime factors of 211561?
7, 30223
What are the prime factors of 42169?
42169
What are the prime factors of 18155257?
23, 433, 1823
What are the prime factors of 2451129?
3, 43, 19001
What are the prime factors of 27684507?
3, 9228169
List the prime factors of 1592913.
3, 7, 75853
List the prime factors of 8255473.
41, 271, 743
What are the prime factors of 1474008?
2, 3, 61417
What are the prime factors of 421407?
3, 7, 6689
List the prime factors of 1539317.
13, 118409
What are the prime factors of 15625613?
761, 20533
What are the prime factors of 190274?
2, 7, 13591
List the prime factors of 152199.
3, 1879
What are the prime factors of 52552?
2, 6569
What are the prime factors of 2110953?
3, 13, 113, 479
List the prime factors of 2841537.
3, 67, 211
List the prime factors of 19540.
2, 5, 977
What are the prime factors of 905363?
193, 4691
What are the prime factors of 612917?
691, 887
List the prime factors of 268852.
2, 67213
What are the prime factors of 188237?
7, 26891
List the prime factors of 408997.
408997
List the prime factors of 11383472.
2, 17, 41851
What are the prime factors of 5828792?
2, 127, 5737
What are the prime factors of 3191260?
2, 5, 159563
What are the prime factors of 1249231?
19, 37, 1777
List the prime factors of 1543894.
2, 11, 70177
What are the prime factors of 16511266?
2, 19, 29, 14983
List the prime factors of 111615.
3, 5, 7, 1063
What are the prime factors of 108178?
2, 7, 7727
List the prime factors of 3800819.
11, 23, 83, 181
What are the prime factors of 1302203?
7, 19, 9791
List the prime factors of 974991.
3, 324997
List the prime factors of 364182.
2, 3, 7, 13, 23, 29
What are the prime factors of 23863982?
2, 11931991
List the prime factors of 247237.
457, 541
What are the prime factors of 7736593?
7736593
List the prime factors of 720367.
720367
List the prime factors of 14672166.
2, 3, 197, 12413
List the prime factors of 1929291.
3, 7, 13, 37, 191
What are the prime factors of 3361159?
139, 24181
What are the prime factors of 263488?
2, 23, 179
What are the prime factors of 217985?
5, 43597
List the prime factors of 6480361.
193, 33577
List the prime factors of 17895992.
2, 2236999
List the prime factors of 12575415.
3, 5, 29, 28909
List the prime factors of 1955148.
2, 3, 13, 83, 151
List the prime factors of 9716239.
13, 19, 139, 283
What are the prime factors of 1292303?
607, 2129
What are the prime factors of 20228309?
20228309
List the prime factors of 177702.
2, 3, 7, 4231
List the prime factors of 249349.
389, 641
What are the prime factors of 168860?
2, 5, 8443
List the prime factors of 994902.
2, 3, 165817
List the prime factors of 9187689.
3, 7, 437509
List the prime factors of 11670106.
2, 7, 103, 8093
List the prime factors of 5302461.
3, 1767487
What are the prime factors of 3776224?
2, 199, 593
What are the prime factors of 18902?
2, 13, 727
What are the prime factors of 2094888?
2, 3, 191, 457
List the prime factors of 429472.
2, 13421
What are the prime factors of 433350?
2, 3, 5, 107
What are the prime factors of 212038?
2, 106019
What are the prime factors of 2868781?
467, 6143
What are the prime factors of 6576716?
2, 73, 101, 223
What are the prime factors of 3222?
2, 3, 179
What are the prime factors of 2779479?
3, 53, 5827
What are the prime factors of 262710?
2, 3, 5, 7, 139
What are the prime factors of 2009324?
2, 103, 4877
List the prime factors of 17490299.
17490299
List the prime factors of 220409.
7, 23, 37
What are the prime factors of 7734351?
3, 2578117
List the prime factors of 1456060.
2, 5, 47, 1549
List the prime factors of 2178132.
2, 3, 11, 29, 569
What are the prime factors of 984342?
2, 3, 164057
What are the prime factors of 195964?
2, 48991
What are the prime factors of 261008?
2, 11, 1483
What are the prime factors of 15863875?
5, 179, 709
What are the prime factors of 3995536?
2, 249721
What are the prime factors of 987440?
2, 5, 12343
What are the prime factors of 12225477?
3, 11, 33679
What are the prime factors of 29689156?
2, 7, 29, 36563
List the prime factors of 6772903.
71, 95393
What are the prime factors of 11324434?
2, 11, 514747
List the prime factors of 165409.
251, 659
What are the prime factors of 2377657?
37, 179, 359
What are the prime factors of 322553?
7, 11, 59, 71
List the prime factors of 362581.
362581
List the prime factors of 13727716.
2, 89, 38561
What are the prime factors of 103723?
103723
List the prime factors of 879841.
181, 4861
List the prime factors of 256129.
256129
What are the prime factors of 129644?
2, 32411
What are the prime factors of 160548?
2, 3, 17, 787
List the prime factors of 174875.
5, 1399
List the prime factors of 783014.
2, 379, 1033
What are the prime factors of 2922283?
7, 13, 17, 1889
List the prime factors of 627232.
2, 17, 1153
List the prime factors of 60796.
2, 15199
What are the prime factors of 1225642?
2, 11, 55711
What are the prime factors of 8182678?
2, 7, 17, 34381
What are the prime factors of 5933217?
3, 59, 33521
What are the prime factors of 46339?
149, 311
List the prime factors of 3621772.
2, 7, 11, 1069
List the prime factors of 89454.
2, 3, 17, 877
List the prime factors of 2427508.
2, 149, 4073
What are the prime factors of 1237144?
2, 154643
List the prime factors of 1026224.
2, 31, 2069
What are the prime factors of 9032?
2, 1129
List the prime factors of 78012.
2, 3, 11, 197
What are the prime factors of 3588722?
2, 1794361
What are the prime factors of 3866800?
2, 5, 7, 1381
List the prime factors of 25703689.
11, 47, 83, 599
What are the prime factors of 8120?
2, 5, 7, 29
List the prime factors of 280220.
2, 5, 14011
What are the prime factors of 6844?
2, 29, 59
What are the prime factors of 1287969?
3, 373, 1151
What are the prime factors of 1435753?
11, 130523
What are the prime factors of 416904?
2, 3, 29, 599
What are the prime factors of 86624?
2, 2707
What are the prime factors of 92396?
2, 23099
What are the prime factors of 5063123?
13, 67, 5813
List the prime factors of 33594.
2, 3, 11, 509
List the prime factors of 161790.
2, 3, 5, 5393
What are the prime factors of 6245803?
6245803
What are the prime factors of 93300?
2, 3, 5, 311
List the prime factors of 1853018.
2, 23, 40283
What are the prime factors of 13771?
47, 293
List the prime factors of 3655.
5, 17, 43
What are the prime factors of 17047?
17047
What are the prime factors of 826096?
2, 51631
List the prime factors of 1697615.
5, 73, 4651
List the prime factors of 120573.
3, 13397
List the prime factors of 13796973.
3, 59, 2887
What are the prime factors of 1576421?
7, 11, 59, 347
List the prime factors of 3408603.
3, 11, 103291
What are the prime factors of 1628496?
2, 3, 43, 263
What are the prime factors of 2013661?
13, 154897
List the prime factors of 9252084.
2, 3, 89, 8663
List the prime factors of 207793.
31, 6703
What are the prime factors of 6700991?
11, 31, 43, 457
What are the prime factors of 11768480?
2, 5, 73553
What are the prime factors of 4810736?
2, 7, 42953
List the prime factors of 700061.
311, 2251
List the prime factors of 22857553.
43, 531571
List the prime factors of 31816.
2, 41, 97
List the prime factors of 5202499.
5202499
List the prime factors of 7673851.
17, 587, 769
List the prime factors of 2816892.
2, 3, 13, 463
List the prime factors of 257040.
2, 3, 5, 7, 17
What are the prime factors of 213894?
2, 3, 17, 233
List the prime factors of 18198461.
97, 163, 11